).
-6
What is the value of 0 - (-2 - (2 - 5) - 2)?
1
Evaluate (-4 - -4) + 5 + -2 - 5.
-2
What is 4 + -6 + (8 - 2)?
4
What is the value of (-5 - 0 - (0 + -2)) + 8?
5
Evaluate 5 - (-4 + 15) - -10.
4
What is the value of (0 - (-1 + -3)) + -4 + -3?
-3
What is the value of 8 + (-5 - -13) + -11?
5
What is the value of (1 - -9) + (-3 - 0)?
7
What is the value of -1 - ((2 - 0) + (3 - 6))?
0
Calculate -17 + 8 + 4 + 1.
-4
What is the value of (0 - 2) + 2 + -16 + 13?
-3
Calculate -5 + -5 + 6 - -1 - -4.
1
What is (5 - 4 - 2) + -1?
-2
(-2 - -1) + (1 - 3) - 1
-4
What is 2 + 5 - (16 - 3)?
-6
1 + 1 - (0 + -12 - -6)
8
Evaluate 3 - (-9 + 10 + 2).
0
Calculate 4 + -9 + 11 - (-3 + 1).
8
Calculate -2 - (-1 + -6) - (9 + -4).
0
Evaluate 0 + (-16 - -7) + 14.
5
Calculate 0 + 8 + -4 + -8 + 1.
-3
(-2 - -1) + 2 + (-6 - -5)
0
Calculate 35 - 25 - (5 - (1 - 2)).
4
Calculate -1 + (-8 - (4 + -10)).
-3
Evaluate (2 - 4) + 4 + -4 + 1.
-1
What is -8 + 4 + 3 - -2?
1
Calculate -3 - (-2 + 1 + (-5 - -1)).
2
Evaluate 9 - (12 + -3 + 4).
-4
What is 3 - (9 - 4) - (-1 - -4)?
-5
Calculate (1 - -2) + 3 - 5.
1
What is the value of 2 + (-1 - 2) + 8 + -12?
-5
Calculate 5 + -1 + 1 + -3.
2
Calculate 0 - 6 - (-1 + -3 + 3).
-5
What is the value of (2 + -1 - -4) + -10?
-5
Calculate (-38 - -43) + 1 + -2 + -9.
-5
Calculate -3 + (-1 - (-11 - -4 - 1)).
4
What is 1 + 0 + -43 + 37?
-5
Calculate -5 + (6 - -4 - 0).
5
Evaluate -10 + (-3 - -3) + 20 + -18.
-8
14 + (-13 - 10) - -4
-5
(2 - 11) + 21 + -10
2
What is (0 - 6) + 0 + 5?
-1
Calculate -2 + -1 + 49 + -50.
-4
-13 - -10 - (-5 - (0 - 2))
0
0 + (3 - 6 - -4)
1
(5 - (-6 + 4 + 6)) + -2
-1
What is (2 - (0 + 4)) + -3?
-5
0 - 2 - (-71 - -63)
6
What is -8 + 3 + -2 + 3?
-4
What is the value of -1 - (-9 + 1) - (76 - 71)?
2
What is the value of 9 - (4 - (-4 - -4)) - 11?
-6
What is -4 + 7 - (5 - -4) - -10?
4
What is the value of 5 - (1 + (1 - -4))?
-1
What is (-8 - -14) + 0 + -14?
-8
Calculate (-8 - 1) + 5 - (1 - 9).
4
What is 1 + 0 + (-3 - 1)?
-3
4 + (-3 - 5) - -4
0
What is 7 - (6 - (18 - 8))?
11
-3 - (-3 - -1) - (13 + -11)
-3
Evaluate -3 - (-3 + -3 + 4 + 2).
-3
What is the value of -11 + (1 - 6) + 8 - -12?
4
What is 1 - 1 - (-12 + -3 + 19)?
-4
0 - (-2 + -1 + 7 - 0)
-4
Evaluate -1 - (-4 + 4 - 0 - -4).
-5
What is the value of (5 - (2 - 1)) + (9 - 8)?
5
Calculate -5 + 6 - -13 - 15.
-1
What is the value of -6 - (-2 + (-13 - -7))?
2
Evaluate (0 - 7) + (-102 - -114).
5
Calculate -6 - -12 - 3 - 13.
-10
What is the value of -47 - -17 - -18 - (-1 + -6)?
-5
What is 0 + 1 + 16 + -19?
-2
Evaluate (-12 - 1) + 3 + 18.
8
-1 + (4 - (5 + (3 - 6)))
1
-7 + -3 + 3 - -8
1
5 + -2 + (-11 - -5)
-3
Evaluate 4 + (-4 + 3 - 4).
-1
What is -84 - -85 - (9 + (-1 - 1))?
-6
Calculate (0 - -8) + -1 - (565 + -565).
7
What is the value of (0 - 1 - 2) + 3 + 1?
1
What is -6 + 6 - 0 - 0?
0
6 + -7 + -3 + -5
-9
Calculate 11 - 9 - (-2 - -5 - 2).
1
What is (-2 - -8) + (-7 - (-2 - 1))?
2
What is (-11 - -22 - 6) + -7 + -1?
-3
What is 1 - (-3 - ((-3 - 3) + 3))?
1
What is -4 + -1 + (-4 - 1 - -7)?
-3
Evaluate (2 - -4) + -1 - -4 - 3.
6
5 + 6 + -10 + (-1 - 4)
-4
Evaluate -10 - ((3 - -6) + -20).
1
Evaluate 6 - 7 - -5 - 9.
-5
What is the value of (2 - 6) + (14 - 11) - 2?
-3
Evaluate 1 + -4 + (4 + -1 - 1).
-1
(-6 - 1 - -7) + -5 + 6
1
(-7 - (-4 + -9)) + (-4 - -1)
3
4 + -2 - (12 - 11)
1
Calculate 0 + -7 + 12 + (-18 - -4).
-9
59 + -63 + (1 - 2)
-5
Evaluate 24 - 20 - (6 + 1) - 4.
-7
What is the value of (2 - (7 - 2 - 1)) + 1?
-1
What is the value of 5 - (4 - 2 - -2) - 3?
-2
Calculate 0 + 2 + (-1 - 3).
-2
Calculate (9 - -4) + -8 + -3 + 1.
3
What is the value of (-2 + 2 - 4) + 5?
1
Calculate (24 - 9) + -14 + 6.
7
What is 4 + 0 + (12 - 12)?
4
What is the value of -9 - (-16 - 3) - 7?
3
Evaluate -7 - (6 + -14 + 5).
-4
What is the value of -3 + -5 + (5 - -7)?
4
2 + -18 + -1 + 14
-3
What is the value of 2 - (1 + 4) - 1?
-4
What is the value of 0 - (-4 + 3 + 2)?
-1
What is the value of 3 + (-9 - (1 + -3))?
-4
8 + -7 + (-1 - 1)
-1
Evaluate -7 - (12 + 1 - 23).
3
Evaluate (3 - (13 - 1)) + (-9 - -13).
-5
Evaluate (5 - 0) + 4 + (6 - 13).
2
(-8 - -11) + (1 - 8) + 6
2
Calculate (10 - (-12 - -12)) + -10.
0
Evaluate 11 + 1 - 4 - 3.
5
What is -4 + -8 + 0 + 4 + 4?
-4
What is the value of -16 - (-5 - (6 - 0))?
-5
Calculate 4 - (0 - -2 - (0 - -3)).
5
What is (1 - 7) + 14 + -5 + 1?
4
What is -2 - -4 - ((7 - 5) + -8)?
8
-5 - 1 - -8 - 1
1
What is the value of (0 + -2 - (-1 + 2)) + 0?
-3
What is the value of -2 + -2 + 2 + 1 - 3?
-4
(1 - -1 - 8) + 0 - -10
4
Calculate 1 + -7 + -8 + 12.
-2
Evaluate 12 + -7 + -4 + (-2 - -5).
4
Calculate 0 - 10 - (-3 + -1).
-6
What is the value of (0 - 5) + (29 - 19)?
5
What is -10 - (5 - 20) - (-1 - -10)?
-4
What is the value of 8 + (0 - 4) + 1?
5
What is (-9 - -2) + -3 + -3 + 4?
-9
-5 + (5 - (-6 + 5))
1
What is 0 + 0 + 2 + (77 - 84)?
-5
Evaluate -13 + (-3 + 7 - -3).
-6
Evaluate -1 + (-8 - -3 - 0) + 4.
-2
5 - (17 - (3 + 2))
-7
Evaluate 13 + (1 - 12 - -5).
7
(-5 - -4) + -3 + (3 - -3)
2
What is the value of (-2 - (-2 - 3)) + 0 - -1?
4
5 + (1 - -3) + -3
6
What is the value of (11 + -5 - -3) + (3 - 7)?
5
Calculate -6 - (5 + 1 + 2 + -11).
-3
What is 3 + (-2 - 5 - (0 + 1))?
-5
What is -1 - 1 - 0 - (-6 - 1)?
5
What is -1 - -11 - 18 - -1?
-7
5 - (-1 + 1 - -2)
3
What is 3 + 27 + -31 + 1 + 4?
4
What is the value of -2 + (1 + 2 - (10 - 6))?
-3
What is the value of 4 - (-2 + (8 - 1))?
-1
What is the value of 1 + (-1 + 0 - (-5 + 5))?
0
Calculate (2 - 9 - -3) + 1 + -2.
-5
What is the value of (-2 - 0) + 5 + -1 + -7?
-5
What is the value of -37 + 24 - (-7 - 0)?
-6
Evaluate -10 - -3 - (0 + -6).
-1
What is 5 + 0 + (9 - 16)?
-2
0 - (5 + -11) - 7
-1
What is (8 - 14) + 11 + -8?
-3
Calculate 8 + -10 + (0 - -4 - 1).
1
-11 + (3 - -1 - 10 - -9)
-8
Calculate -4 + -1 - -8 - 5.
-2
(4 - 1) + 14 + (-22 - -4)
-1
What is the value of (1 - 1 - -3) + 8 + -12?
-1
-21 + 11 - (-19 - -3)
6
What is the value of (3 - 10 - (-2 + -2)) + 1?
-2
Evaluate -48 + 41 - (2 - 3).
-6
Evaluate -1 + -7 - (13 - (14 + 2)).
-5
Calculate (9 - 7) + (-1 - (-3 - -1)).
3
Evaluate 3 - (-1 - 1) - (5 - 8).
8
-6 + 16 + -7 + 0 + 2
5
(10 - -2) + -1 + -11
0
Evaluate -14 - (5 - (9 + 5)).
-5
What is the value of -4 + (2 - -3) + (-11 - -12)?
2
What is -4 - -9 - (-2 + 8) - 0?
-1
Calculate (1 - 1) + 2 - (418 - 407).
-9
What is the value of -3 - ((9 - -1) + -9)?
-4
Calculate 2 + -2 + (-4 + 3 - -7).
6
Calculate 5 + -5 - (5 + (-11 - -1)).
5
What is -6 - (-11 + 5) - 2?
-2
Evaluate 4 - ((3 - 2) + -2).
5
Evaluate -2 + 9 + 4 + -1 + -1.
9
What is the value of 12 + -13 - 13 - -4?
-10
What is the value of 7 + 7 - 11 - (-2 + -2)?
7
What is the value of 26 - 34 - (-7 + 0)?
-1
What is -4 + (4 - -5) + -10?
-5
Calculate (3 + 3 - 2) + -5 + 6.
5
What is the value of 1 + (-2 + 3 - (-1 + 4))?
-1
What is the value of (-1 - -2) + (-1 - -5)?
5
What is 19 + 12 + -8 + -14?
9
What is -12 + -1 + 3 - -7?
-3
Evaluate 10 + 2 + -3 + -10.
-1
What is the value of 3 + 2 + 1 - (4 - -1)?
1
Calculate 2 + (-8 - -7) + 2.
3
What is -7 + 2 + 8 + -8?
-5
What is 0 + (2 - -6) + -6?
2
What is -8 - (-3 + 1 - (3 - 1))?
-4
-2 - 2 - (2 + 0) - -4
-2
5 - -1 - (-6 - (7 + -15))
4
-17 + 22 - (9 + -3)
-1
Evaluate -4 + (-11 + 14 - 1).
-2
Calculate (2 - (-1 - (-4 - -1))) + -1.
-1
Evaluate (-1 - 6) + 4 + 7.
4
Evaluate -169 + 166 + (7 - (0 + -1)).
5
What is the value of 5 + 0 - ((0 - -3) + 3)?
-1
(1 - -2) + (-1 - (1 + 2))
-1
What is the value of 0 - (-5 + -3 + 4)?
4
Calculate -3 + 12 + 8 + -12 + 2.
7
What is (4 - 0) + (0 - 6)?
-2
Calculate 2 - (-6 + 3 - (-4 - -1)).
2
Evaluate (1 + 3 - 8) + 5 + -7.
-6
What is the value of (2 - -5) + -2 + (1 - 5)?
1
What is the value of 9 + -5 - -1 - 9?
-4
Calculate (1 - -2 - -4) + (-2 - 2).
3
Calculate 0 + -7 + -35 + 37.
-5
Calculate 1 + -3 + (8 - (3 - -6)).
-3
9 + -4 + 3 - 8
0
Calculate 1 + (0 + 4 + 1 - 9).
-3
Evaluate 20 - 15 - (1 + 2).
2
What is -2 - ((4 - 6) + 0)?
0
What is 1 + 1 - (1 - -4)?
-3
What is -12 - (-5 - (3 + -6) - 0)?
-10
-1 + 6 + (-5 - 1 - -3)
2
What is -7 + (-2 - (5 - 11))?
-3
Calculate -6 - (-6 + 3 + 2 + -4).
-1
What is the value of -7 + 6 + 1 + 7?
7
0 + -6 + (16 - (4 - -1))
5
-5 - (10 + -5 - 2) - -6
-2
Evaluate -18 + 16 + -1 + 1.
-2
Evaluate 7 - (-15 + 8 + 7).
7
What is the value of (1 - (-4 + 7)) + 8?
6
-1 - (-4 + 3 + -3)
3
What is 4 + (-3 - 2) - 2?
-3
(5 - 4 - (1 + 6)) + 3
-3
Calculate (7